 thousands digit of 52776276?
7
What is the hundred millions digit of 334655478?
3
What is the ten thousands digit of 22261512?
6
What is the tens digit of 100322975?
7
What is the ten thousands digit of 14493257?
9
What is the hundreds digit of 25352292?
2
What is the hundreds digit of 182343708?
7
What is the millions digit of 3464980713?
4
What is the ten millions digit of 211144120?
1
What is the ten millions digit of 540413859?
4
What is the tens digit of 161472293?
9
What is the ten millions digit of 397929648?
9
What is the thousands digit of 1299470793?
0
What is the ten millions digit of 34452654?
3
What is the hundred thousands digit of 556564983?
5
What is the hundred thousands digit of 444993390?
9
What is the ten millions digit of 151118290?
5
What is the hundreds digit of 38763881?
8
What is the thousands digit of 211558103?
8
What is the units digit of 445557799?
9
What is the ten millions digit of 20087126?
2
What is the units digit of 468499976?
6
What is the ten millions digit of 31087522?
3
What is the thousands digit of 5322648651?
8
What is the hundred millions digit of 708049324?
7
What is the hundreds digit of 455746782?
7
What is the thousands digit of 17735849?
5
What is the hundreds digit of 72261328?
3
What is the hundreds digit of 346559618?
6
What is the hundred thousands digit of 361994574?
9
What is the hundreds digit of 4350370259?
2
What is the hundreds digit of 5454676975?
9
What is the units digit of 1135053924?
4
What is the millions digit of 207028591?
7
What is the hundred millions digit of 1281607507?
2
What is the tens digit of 38157203?
0
What is the hundreds digit of 68060322?
3
What is the billions digit of 4264877349?
4
What is the millions digit of 574527825?
4
What is the ten thousands digit of 143820446?
2
What is the tens digit of 5650110?
1
What is the units digit of 1146273208?
8
What is the hundred thousands digit of 287020148?
0
What is the billions digit of 1223725196?
1
What is the hundreds digit of 40409598?
5
What is the ten thousands digit of 2325739107?
3
What is the ten millions digit of 137589531?
3
What is the hundred millions digit of 617378590?
6
What is the tens digit of 452725908?
0
What is the tens digit of 1112181321?
2
What is the hundred thousands digit of 675744095?
7
What is the ten millions digit of 2626870305?
2
What is the tens digit of 2337330748?
4
What is the ten thousands digit of 102660536?
6
What is the hundreds digit of 147733181?
1
What is the billions digit of 2368231301?
2
What is the hundreds digit of 72862020?
0
What is the hundred thousands digit of 75660900?
6
What is the thousands digit of 30267500?
7
What is the ten thousands digit of 97876177?
7
What is the hundred thousands digit of 299428974?
4
What is the units digit of 174049840?
0
What is the millions digit of 488758091?
8
What is the thousands digit of 11545776?
5
What is the hundred thousands digit of 140218087?
2
What is the ten thousands digit of 258470140?
7
What is the ten millions digit of 2189314190?
8
What is the ten millions digit of 1682272490?
8
What is the millions digit of 1389152881?
9
What is the thousands digit of 220146305?
6
What is the tens digit of 69216356?
5
What is the millions digit of 64085644?
4
What is the hundred millions digit of 1050750956?
0
What is the thousands digit of 1556015?
6
What is the tens digit of 1109706141?
4
What is the hundred thousands digit of 9258391?
2
What is the millions digit of 566859737?
6
What is the units digit of 28488666?
6
What is the hundreds digit of 72787022?
0
What is the billions digit of 6067264749?
6
What is the tens digit of 105698158?
5
What is the ten thousands digit of 24352998?
5
What is the thousands digit of 464680348?
0
What is the ten millions digit of 519462057?
1
What is the tens digit of 36903579?
7
What is the millions digit of 112468481?
2
What is the hundreds digit of 1573849657?
6
What is the ten millions digit of 195651671?
9
What is the ten millions digit of 209608076?
0
What is the millions digit of 52260204?
2
What is the tens digit of 7518043321?
2
What is the hundreds digit of 807393?
3
What is the hundreds digit of 3174493355?
3
What is the units digit of 79654879?
9
What is the millions digit of 2916411122?
6
What is the ten thousands digit of 263730445?
3
What is the hundred thousands digit of 15852126?
8
What is the hundreds digit of 77589223?
2
What is the hundreds digit of 11169024?
0
What is the hundreds digit of 34905215?
2
What is the hundred thousands digit of 132041095?
0
What is the units digit of 330784152?
2
What is the hundred thousands digit of 29350899?
3
What is the ten millions digit of 1256715607?
5
What is the millions digit of 61917651?
1
What is the ten millions digit of 391928444?
9
What is the units digit of 92854767?
7
What is the hundred millions digit of 514194539?
5
What is the hundreds digit of 858348900?
9
What is the units digit of 3364237231?
1
What is the hundred thousands digit of 43084825?
0
What is the ten millions digit of 303805271?
0
What is the millions digit of 38854794?
8
What is the hundreds digit of 16251351?
3
What is the ten thousands digit of 1386841430?
4
What is the hundred thousands digit of 75436703?
4
What is the hundreds digit of 5453209642?
6
What is the hundred millions digit of 568170838?
5
What is the units digit of 427808957?
7
What is the hundred thousands digit of 632774759?
7
What is the thousands digit of 15777172?
7
What is the tens digit of 33423177?
7
What is the ten thousands digit of 114044193?
4
What is the ten thousands digit of 599771870?
7
What is the thousands digit of 2626701610?
1
What is the thousands digit of 30975913?
5
What is the billions digit of 1230392345?
1
What is the tens digit of 35322039?
3
What is the ten thousands digit of 14871344?
7
What is the thousands digit of 155754014?
4
What is the ten thousands digit of 120568795?
6
What is the units digit of 54864376?
6
What is the units digit of 58639514?
4
What is the thousands digit of 68121182?
1
What is the ten millions digit of 41991986?
4
What is the ten millions digit of 91793064?
9
What is the millions digit of 155067701?
5
What is the ten thousands digit of 2344081027?
8
What is the units digit of 37890195?
5
What is the ten thousands digit of 69645594?
4
What is the hundred millions digit of 634282964?
6
What is the hundred millions digit of 102182758?
1
What is the ten thousands digit of 286093839?
9
What is the millions digit of 107817929?
7
What is the ten millions digit of 1297034526?
9
What is the hundred thousands digit of 3217861955?
8
What is the millions digit of 74148010?
4
What is the units digit of 178436268?
8
What is the thousands digit of 207532363?
2
What is the tens digit of 289422045?
4
What is the millions digit of 511582705?
1
What is the hundreds digit of 304710547?
5
What is the thousands digit of 1376894125?
4
What is the hundred millions digit of 747689066?
7
What is the ten thousands digit of 95822620?
2
What is the billions digit of 1732089160?
1
What is the hundred millions digit of 1393719304?
3
What is the hundred thousands digit of 155255563?
2
What is the hundreds digit of 1682627004?
0
What is the tens digit of 14765805?
0
What is the units digit of 773436690?
0
What is the hundred thousands digit of 5749447310?
4
What is the thousands digit of 22612957?
2
What is the thousands digit of 542191720?
1
What is the hundreds digit of 56335259?
2
What is the ten millions digit of 24190925?
2
What is the ten thousands digit of 4355374?
5
What is the ten millions digit of 71114269?
7
What is the ten millions digit of 106678028?
0
What is the hundreds digit of 1838248?
2
What is the thousands digit of 153515325?
5
What is the ten thousands digit of 148169421?
6
What is the millions digit of 1430475354?
0
What is the tens digit of 61261597?
9
What is the ten millions digit of 72628002?
7
What is the hundreds digit of 2527563143?
1
What is the hundred thousands digit of 704586913?
5
What is the hundreds digit of 403938093?
0
What is the billions digit of 1855206257?
1
What is the thousands digit of 19520136?
0
What is the thousands digit of 1082171165?
1
What is the hundred thousands digit of 68846937?
8
What is the millions digit of 125069379